{"id":29,"date":"2025-09-26T19:26:02","date_gmt":"2025-09-26T19:26:02","guid":{"rendered":"https:\/\/leboraatelier.com\/?page_id=29"},"modified":"2025-09-26T19:32:18","modified_gmt":"2025-09-26T19:32:18","slug":"lebora-ateilier","status":"publish","type":"page","link":"https:\/\/leboraatelier.com\/","title":{"rendered":"Lebora Ateilier"},"content":{"rendered":"\n\t<section class=\"section\" id=\"section_868693780\">\n\t\t<div class=\"bg section-bg fill bg-fill  bg-loaded\" >\n\n\t\t\t\n\t\t\t\n\t\t\t\n\n\t\t<\/div>\n\n\t\t\n\n\t\t<div class=\"section-content relative\">\n\t\t\t\n\n<div class=\"row align-center\"  id=\"row-1253223923\">\n\n\n\t<div id=\"col-1269579945\" class=\"col medium-10 small-12 large-10\"  >\n\t\t\t\t<div class=\"col-inner text-center\"  >\n\t\t\t\n\t\t\t\n\n<br \/>\n<h2 class=\"uppercase\">This is a headline<\/h2>\n<p>Lorem ipsum dolor sit amet, consectetuer adipiscing elit, sed diam nonummy nibh euismod tincidunt ut laoreet dolore magna aliquam erat volutpat.<\/p>\n\n\t\t<\/div>\n\t\t\t\t\t<\/div>\n\n\t\n\n<\/div>\n\n\t\t<\/div>\n\n\t\t\n<style>\n#section_868693780 {\n  padding-top: 60px;\n  padding-bottom: 60px;\n  min-height: 300px;\n  background-color: rgb(245, 245, 245);\n}\n#section_868693780 .ux-shape-divider--top svg {\n  height: 150px;\n  --divider-top-width: 100%;\n}\n#section_868693780 .ux-shape-divider--bottom svg {\n  height: 150px;\n  --divider-width: 100%;\n}\n<\/style>\n\t<\/section>\n\t\n<div class=\"row\"  id=\"row-1628988147\">\n\n\n\t<div id=\"col-1722314516\" class=\"col small-12 large-12\"  >\n\t\t\t\t<div class=\"col-inner\"  >\n\t\t\t\n\t\t\t\n\n<div class=\"container section-title-container\" ><h3 class=\"section-title section-title-normal\"><b><\/b><span class=\"section-title-main\" >en \u00e7ok satanlar<\/span><b><\/b><\/h3><\/div>\n\n\n  \n    <div class=\"row large-columns-4 medium-columns-3 small-columns-2 row-small has-shadow row-box-shadow-2 slider row-slider slider-nav-reveal slider-nav-push\"  data-flickity-options='{\"imagesLoaded\": true, \"groupCells\": \"100%\", \"dragThreshold\" : 5, \"cellAlign\": \"left\",\"wrapAround\": true,\"prevNextButtons\": true,\"percentPosition\": true,\"pageDots\": false, \"rightToLeft\": false, \"autoPlay\" : false}'>\n\n  \t\n\t     <div class=\"product-small col has-hover product type-product post-32 status-publish first instock product_cat-taki-yastigi has-post-thumbnail sale shipping-taxable purchasable product-type-simple\">\n\t<div class=\"col-inner\">\n\t\n<div class=\"badge-container absolute left top z-1\">\n<div class=\"callout badge badge-circle\"><div class=\"badge-inner secondary on-sale\"><span class=\"onsale\">-20%<\/span><\/div><\/div>\n<\/div>\n\t<div class=\"product-small box \">\n\t\t<div class=\"box-image\">\n\t\t\t<div class=\"image-fade_in_back\">\n\t\t\t\t<a href=\"https:\/\/leboraatelier.com\/?product=beyaz-taki-yastigi\" aria-label=\"Beyaz Tak\u0131 Yast\u0131\u011f\u0131\">\n\t\t\t\t\t<img loading=\"lazy\" decoding=\"async\" width=\"300\" height=\"300\" src=\"https:\/\/leboraatelier.com\/wp-content\/uploads\/2025\/09\/ayla-taki-yastigi-300x300.jpeg\" class=\"attachment-woocommerce_thumbnail size-woocommerce_thumbnail\" alt=\"Beyaz Tak\u0131 Yast\u0131\u011f\u0131\" srcset=\"https:\/\/leboraatelier.com\/wp-content\/uploads\/2025\/09\/ayla-taki-yastigi-300x300.jpeg 300w, https:\/\/leboraatelier.com\/wp-content\/uploads\/2025\/09\/ayla-taki-yastigi-150x150.jpeg 150w, https:\/\/leboraatelier.com\/wp-content\/uploads\/2025\/09\/ayla-taki-yastigi-768x768.jpeg 768w, https:\/\/leboraatelier.com\/wp-content\/uploads\/2025\/09\/ayla-taki-yastigi-600x600.jpeg 600w, https:\/\/leboraatelier.com\/wp-content\/uploads\/2025\/09\/ayla-taki-yastigi-100x100.jpeg 100w, https:\/\/leboraatelier.com\/wp-content\/uploads\/2025\/09\/ayla-taki-yastigi.jpeg 1000w\" sizes=\"auto, (max-width: 300px) 100vw, 300px\" \/>\t\t\t\t<\/a>\n\t\t\t<\/div>\n\t\t\t<div class=\"image-tools is-small top right show-on-hover\">\n\t\t\t\t\t\t\t<\/div>\n\t\t\t<div class=\"image-tools is-small hide-for-small bottom left show-on-hover\">\n\t\t\t\t\t\t\t<\/div>\n\t\t\t<div class=\"image-tools grid-tools text-center hide-for-small bottom hover-slide-in show-on-hover\">\n\t\t\t\t\t\t\t<\/div>\n\t\t\t\t\t<\/div>\n\n\t\t<div class=\"box-text box-text-products text-center grid-style-2\">\n\t\t\t<div class=\"title-wrapper\">\t\t<p class=\"category uppercase is-smaller no-text-overflow product-cat op-7\">\n\t\t\tTak\u0131 Yast\u0131\u011f\u0131\t\t<\/p>\n\t<p class=\"name product-title woocommerce-loop-product__title\"><a href=\"https:\/\/leboraatelier.com\/?product=beyaz-taki-yastigi\" class=\"woocommerce-LoopProduct-link woocommerce-loop-product__link\">Beyaz Tak\u0131 Yast\u0131\u011f\u0131<\/a><\/p><\/div><div class=\"price-wrapper\">\n\t<span class=\"price\"><del aria-hidden=\"true\"><span class=\"woocommerce-Price-amount amount\"><bdi><span class=\"woocommerce-Price-currencySymbol\">&#8378;<\/span>1.500,00<\/bdi><\/span><\/del> <span class=\"screen-reader-text\">Orijinal fiyat: &#8378;1.500,00.<\/span><ins aria-hidden=\"true\"><span class=\"woocommerce-Price-amount amount\"><bdi><span class=\"woocommerce-Price-currencySymbol\">&#8378;<\/span>1.200,00<\/bdi><\/span><\/ins><span class=\"screen-reader-text\">\u015eu andaki fiyat: &#8378;1.200,00.<\/span><\/span>\n<\/div>\t\t<\/div>\n\t<\/div>\n\t\t<\/div>\n<\/div><\/div>\n\n<div class=\"container section-title-container\" ><h3 class=\"section-title section-title-normal\"><b><\/b><span class=\"section-title-main\" >kategoriler<\/span><b><\/b><\/h3><\/div>\n\n\n  \n    <div class=\"row large-columns-2 medium-columns- small-columns- row-small has-shadow row-box-shadow-2\">\n  <div class=\"product-category col\" >\n            <div class=\"col-inner\">\n              <a aria-label=\"Tak\u0131 Yast\u0131\u011f\u0131 \u00fcr\u00fcn kategorisini ziyaret et\" href=\"https:\/\/leboraatelier.com\/?product_cat=taki-yastigi\">                <div class=\"box box-category has-hover box-none \">\n                <div class=\"box-image\" >\n                  <div class=\"image-cover\" style=\"padding-top:56.25%;\">\n                  <img loading=\"lazy\" decoding=\"async\" src=\"https:\/\/leboraatelier.com\/wp-content\/uploads\/woocommerce-placeholder-300x300.webp\" alt=\"Tak\u0131 Yast\u0131\u011f\u0131\" width=\"300\" height=\"300\" \/>                                                      <\/div>\n                <\/div>\n                <div class=\"box-text text-center\" >\n                  <div class=\"box-text-inner\">\n                      <h5 class=\"uppercase header-title\">\n                              Tak\u0131 Yast\u0131\u011f\u0131                      <\/h5>\n                                            \n                  <\/div>\n                <\/div>\n                <\/div>\n            <\/a>            <\/div>\n            <\/div><\/div>\n\n\n\t\t<\/div>\n\t\t\t\t\t<\/div>\n\n\t\n\n<\/div>\n\n","protected":false},"excerpt":{"rendered":"","protected":false},"author":1,"featured_media":0,"parent":0,"menu_order":0,"comment_status":"closed","ping_status":"closed","template":"page-blank.php","meta":{"footnotes":""},"class_list":["post-29","page","type-page","status-publish","hentry"],"_links":{"self":[{"href":"https:\/\/leboraatelier.com\/index.php?rest_route=\/wp\/v2\/pages\/29","targetHints":{"allow":["GET"]}}],"collection":[{"href":"https:\/\/leboraatelier.com\/index.php?rest_route=\/wp\/v2\/pages"}],"about":[{"href":"https:\/\/leboraatelier.com\/index.php?rest_route=\/wp\/v2\/types\/page"}],"author":[{"embeddable":true,"href":"https:\/\/leboraatelier.com\/index.php?rest_route=\/wp\/v2\/users\/1"}],"replies":[{"embeddable":true,"href":"https:\/\/leboraatelier.com\/index.php?rest_route=%2Fwp%2Fv2%2Fcomments&post=29"}],"version-history":[{"count":3,"href":"https:\/\/leboraatelier.com\/index.php?rest_route=\/wp\/v2\/pages\/29\/revisions"}],"predecessor-version":[{"id":38,"href":"https:\/\/leboraatelier.com\/index.php?rest_route=\/wp\/v2\/pages\/29\/revisions\/38"}],"wp:attachment":[{"href":"https:\/\/leboraatelier.com\/index.php?rest_route=%2Fwp%2Fv2%2Fmedia&parent=29"}],"curies":[{"name":"wp","href":"https:\/\/api.w.org\/{rel}","templated":true}]}}